 divided by p?
18
Calculate the remainder when 106 is divided by 4670/(-600)*-4 + 8/(-60).
13
Suppose 3*k - 3*t + 4*t - 32 = 0, 10 = 5*t. Suppose 3*w - 87 = 24. What is the remainder when w is divided by k?
7
Let b(z) = z**3 + 8*z**2 + 8*z + 7. Suppose 3*k + 9 = 0, 6*k = 4*a + 2*k - 160. Let f = a + -26. Calculate the remainder when b(-6) is divided by f.
9
Suppose -38 + 34 = -k. Suppose -52 = -k*o - 3*j + 2*j, 16 = 3*o - 5*j. What is the remainder when 71 is divided by o?
11
Let l be (-8)/(-28) - 8664/42. Let v = l - -272. What is the remainder when v is divided by -23*1/4*-4?
20
Suppose 44*k - 3503 = -69*k. What is the remainder when 48 is divided by k?
17
Let c = -15 + 24. Suppose -4*h + 4*o = -40, -2*h - 5*o = -49 + 1. What is the remainder when 7/(3 + h/(-5)) is divided by c?
8
Let h(d) = -7*d + 3. Let s be h(4). Calculate the remainder when (-1910)/s + (-12)/(-20) is divided by 27.
23
Let r(z) = -z**3 + 20*z**2 + 10. What is the remainder when 17 is divided by r(20)?
7
Let u be (-54)/(-10) + 12/(-30). Suppose -u*s + 33 = -12. What is the remainder when 53 is divided by s?
8
Suppose -10*v + 164 = -106. Let p = 1 + 21. Suppose g = f - 2*g - p, -f - 3*g = 8. What is the remainder when v is divided by f?
6
Suppose -6*f + 8*f + 16 = 5*q, -4*f + 16 = 2*q. Calculate the remainder when 7 is divided by f.
1
Suppose 9*u = 4*u + 155. Let o = u - 7. Calculate the remainder when 68 is divided by o.
20
Suppose -5*o - 72 = 2*w, -5*o = -5*w - 78 - 102. Let s = 41 + w. What is the remainder when 14 is divided by s?
4
Suppose -8*a + 3092 = 508. Calculate the remainder when a is divided by 54.
53
Let w(o) = o**2 - 9*o + 24. Calculate the remainder when 126 is divided by w(8).
14
Let n(j) = 144*j - 25. Calculate the remainder when n(1) is divided by ((-3)/4)/((-2)/64).
23
Let a(b) = 19*b**3 - b**2 + b - 1. Let f be a(1). Let p = 46 - f. Calculate the remainder when 53 is divided by p.
25
Suppose -16*t + 1032 = -8*t. Suppose -133*h = -t*h - 64. Calculate the remainder when 31 is divided by h.
15
Let s(p) be the first derivative of -p**3/3 - 15*p**2/2 + 4*p + 2. What is the remainder when 26 is divided by s(-15)?
2
Let l be 2*3/((-24)/(-20)). Suppose l*c = 4*y - 643 + 64, -5*y - 20 = 0. Let t = 170 + c. What is the remainder when t is divided by 13?
12
Suppose 4*y - 7 - 9 = 0. Let w be (-189)/(-6) - 2/y. Let z = w - 18. What is the remainder when z is divided by 5?
3
Suppose 130*d = 137*d - 238. Calculate the remainder when 106 is divided by d.
4
Suppose -2*d = -2*a + 5*a + 9, 4*a = 4. Let n(y) = -11*y - 3. Calculate the remainder when n(d) is divided by (-5)/(-9) - 1 - 67266/(-2997).
19
Suppose -4*q = 3*w - 128 - 124, 5*w = -20. What is the remainder when 526 is divided by q?
64
Let k = 56 + -54. Let b(j) = 2*j + 0*j**2 + 3 - 2 + 4*j**3 - 4*j**2. Calculate the remainder when b(k) is divided by 11.
10
Suppose 3*a = -0*a + 9. Let h(u) = 4*u + 25. What is the remainder when h(-4) is divided by a?
0
Suppose q + 4*q = -2*v + 57, 4*q - 52 = -2*v. What is the remainder when 703 is divided by v?
15
Let d(p) = 2*p - 9. Let w(v) = 5*v - 27. Let z(k) = 17*d(k) - 6*w(k). What is the remainder when z(5) is divided by 5?
4
Calculate the remainder when (-726)/(-6) - 1*(-2 - 2) is divided by 9.
8
Suppose 4*x + 970 = 5*j - 12, 3*x + 9 = 0. What is the remainder when j is divided by 65?
64
Let i = 397 + -321. Calculate the remainder when i is divided by 20.
16
Calculate the remainder when (-1393)/(-8) + 1 - (-11)/(-88) is divided by 3.
1
Let s = 18 - 7. What is the remainder when 9 - (-11 + 16) - (-144)/3 is divided by s?
8
Let n(x) = 14*x + 101. Calculate the remainder when 305 is divided by n(-5).
26
Let j(q) = q**2 + 7*q + 1. Let w be j(-8). Suppose -2*m + 3*k = -22, k + w = m - 2. Suppose -m = -5*v + 19. What is the remainder when 10 is divided by v?
4
Calculate the remainder when (2/(-3) + 1092/36)*3 is divided by 9.
8
Let f(n) = -n**3 + 3*n**2 + 20*n - 9. Let j be f(6). Suppose -5*w = 2*r + j*r - 200, 2*r = -4*w + 90. What is the remainder when 139 is divided by r?
34
What is the remainder when 279 is divided by (-4*(-70)/(-7))/(3/(-3))?
39
Suppose 28*f - 8247 + 2115 = 0. What is the remainder when f is divided by 37?
34
Suppose -3*k = -19 + 7. Suppose -20*q - 21005 + 21025 = 0. Calculate the remainder when k is divided by q.
0
What is the remainder when 573 is divided by 1/(8/(-92))*96/(-48)?
21
Let f(a) = 21*a - 1. Let x be f(-2). Let q = 102 + x. Suppose 0 = 3*k + 2*k - 75. Calculate the remainder when q is divided by k.
14
Suppose -5*b = 2*o - 34, -o = -4*b + 3*b - 10. Let c be o/10*30/12. Suppose c*p - 43 = 5. What is the remainder when 46 is divided by p?
14
Suppose -13*f + 151 + 382 = 0. Calculate the remainder when 67 is divided by f.
26
Let t = -97 - -84. What is the remainder when ((-2)/(-3))/(4/258) is divided by (-2)/(-9 - t - 90/22)?
21
Let c(j) = -4*j**2 + 68*j - 21. Let u(t) = -4*t - 2. Let i be u(-3). Let h = i + 5. Calculate the remainder when c(16) is divided by h.
13
Let l = -639 + 670. Calculate the remainder when l is divided by 28.
3
Let q(v) = v**2 - 40*v - 333. Calculate the remainder when 199 is divided by q(-8).
46
Suppose -5*w = c - 5, w + 8 = -0*w - 2*c. Suppose 0 = -0*i - i - 4*z - w, -2*i + 2*z + 46 = 0. Calculate the remainder when i is divided by 10.
8
Let a be -9*((-3)/9 - -1). Let l(g) = -g**3 - 3*g**2 + 4*g - 4. What is the remainder when l(a) is divided by 21?
17
Let q = -163 - -198. Let h be (-5)/1*(-2070)/50. Suppose 0*z = 3*z - h. What is the remainder when z is divided by q?
34
Let x(n) = -8*n - 14. Let y be x(-7). Calculate the remainder when y/315 + (-913)/(-15) is divided by 7.
5
Suppose -j = -3*y + 6, 5*y = -5*j - 19 + 49. Suppose u + y = 1. What is the remainder when -1 - u - (-72)/4 is divided by 3?
1
Let c be ((-2)/(-3))/(2/(-6)). What is the remainder when c/((-4)/534*3) is divided by 45?
44
Let q = -278 - -282. Suppose -2*s + 7*s - 37 = -2*l, -2*s = -2*l - 12. Let z = s + q. Calculate the remainder when 21 is divided by z.
10
Let p = 1476 + -1458. Calculate the remainder when 987 is divided by p.
15
Let h = -73 + 76. Suppose 0 = -2*r - 3*r + 2*b + 31, 0 = -5*r - h*b + 41. What is the remainder when 20 is divided by r?
6
Suppose -194*w + 197*w = 96. Calculate the remainder when w is divided by 9.
5
Let l(x) = 4*x**2 - 2*x - 5. Calculate the remainder when 872 is divided by l(3).
22
Let c(r) = -r**3 - 16*r**2 + 15*r. Let y be c(-17). Let x = y - 27. What is the remainder when x is divided by 2?
1
Suppose -7*s + 83 = -169. Calculate the remainder when 103 is divided by s.
31
Let m = -38 + 58. Suppose 2*x + 6 = 4. Calculate the remainder when m is divided by (-67)/(-6) - x/(-6).
9
Suppose 5*k + 3*f - 2*f = -2, 2*k + 2*f + 4 = 0. Suppose -4*t - o + 2 = 0, -5*t + 4*t + 5*o + 11 = k. Calculate the remainder when t is divided by 1.
0
Suppose 43*h - 23*h = 180. Let d(v) = -v**2 - 4*v. Let p be d(-2). Let i(x) = 3*x**2 - 5*x + 5. Calculate the remainder when i(p) is divided by h.
6
Calculate the remainder when 125 is divided by (-3 - (8 - 4)) + 46.
8
Let g = 12 + -6. Suppose 5*u - g = 4*u. Calculate the remainder when -1*(1 - 2) - -9 is divided by u.
4
Let h be ((-194)/(-6) + 1)*12/8. What is the remainder when 10 is divided by h/15*3/(-2)*-1?
0
What is the remainder when 67 + -5 - 1*-1 is divided by ((-44)/(-8)*-4)/(-1)?
19
Let j = -6 - -8. Suppose 4*w - j*w = 12. Calculate the remainder when w is divided by 6.
0
Let v be (-16)/(-8) - (-296 + -1). Suppose -4*r + v = -21. Suppose 0 = z - 2, -2*y + 3*y - 3*z = r. Calculate the remainder when y is divided by 29.
28
Let j(a) = -10*a. Let n be j(1). Let b = n + 8. Calculate the remainder when 89 is divided by (b/(-4))/(1/46).
20
Let v = -1127 - -1250. Calculate the remainder when v is divided by 21.
18
What is the remainder when 4/(8/226) + 25/(-5) is divided by 40?
28
Let y(u) = 2*u - 28. Let w be y(13). Suppose 2*p - 14 = 146. Calculate the remainder when p is divided by (9/w)/9*-54.
26
Let x(i) = -i**2 + 9*i - 4. Let a be x(12). Let r = a - -57. Calculate the remainder when 48 is divided by r.
14
What is the remainder when (-118 + -19)*2/(-2) is divided by 42?
11
Calculate the remainder when 86 is divided by (12/(-8))/(4/(-352)*3).
42
Calculate the remainder when (-255)/(-15) -